 is divided by 6.
4
Let f(n) = -16*n - 1487. Suppose 0 = -5*m + 4*t + 1870, 2*m + 0*m - 2*t = 746. What is the remainder when m is divided by f(-99)?
87
Let p = -72 - -171. Let g = -24 + 303. Suppose 0 = 54*d - 1557 - g. Calculate the remainder when p is divided by d.
31
Let z(c) = 40*c - 256. What is the remainder when z(16) is divided by 189?
6
Let m be -224 - 5*(-15)/(-25). Let d = 263 + m. What is the remainder when 48 is divided by d?
12
Let u(h) = -7*h**3 + 3*h**2 - 3*h + 5. Let r be u(4). Let c = 573 + r. What is the remainder when c is divided by 32/(-16) - (-34 - 10)?
40
Suppose -9*k - 5*k = -56. Suppose 2*b - 58 = t - 5*t, 2*t - k*b - 14 = 0. Calculate the remainder when 57 is divided by t.
5
Calculate the remainder when 1074 is divided by -122*(13 - (-10)/((-200)/290)).
159
Let d(s) = 8*s**3 - 4*s**2 + 6*s + 17. Calculate the remainder when d(4) is divided by 13.
8
Let q = 3120 + -2786. What is the remainder when q is divided by 13?
9
Let b = -16653 - -18058. What is the remainder when b is divided by 30?
25
Let q = -28 - -10. Let z(m) = -m**3 + 710*m + 708*m - 19*m**2 - 1436*m + 21. Calculate the remainder when 74 is divided by z(q).
11
Let i be (-9 - -16)*716/(-14). Let x = i + 369. Let g(q) = -22*q - 1. Calculate the remainder when g(-1) is divided by x.
10
Suppose 2*l - 6*l = -208. Calculate the remainder when l is divided by (-798)/266 - -1*23.
12
Suppose 0 = -4*d + 3*x + 110, 274*x + 11 = d + 276*x. Let q = -1 + 5. What is the remainder when d is divided by q?
3
Calculate the remainder when 534/1 - ((-32)/8)/4 is divided by 8.
7
Let j(f) = 9*f**3 - 3*f**2. Let a be j(2). Suppose 56*r - a*r = -32. Suppose -2*w + 14 = -r. What is the remainder when 76 is divided by w?
10
Suppose -4*a - 36 = -3*j - 3*a, 77 = 5*j + 4*a. What is the remainder when 14 is divided by j?
1
Let k(y) = -2*y - 2. Let j be k(-6). Let d = -240 - -245. Calculate the remainder when (-4)/j - 609/(-35) is divided by d.
2
Suppose 7*m - 2*c = 1195, 25*m - 509 = 22*m + 4*c. Calculate the remainder when 2220 is divided by m.
168
Let j(b) = 51*b - 23. Let r be j(6). Suppose -3*x = -374 - r. What is the remainder when x is divided by 56?
51
Let m(s) = s**3 + 7*s**2 - 4*s - 8. Let y = -6 - 3. Let t = y - -27. What is the remainder when m(-6) is divided by t?
16
Suppose -19*q - 20 = -21*q. Let h(l) = 31*l - 81. What is the remainder when h(q) is divided by 47?
41
Let o(t) = 2*t**2 - 5*t - 310. What is the remainder when o(19) is divided by 105?
2
Let a(u) = 44*u**2 + u. Let g be a(1). Suppose -4*w + g = -w. Let i = -15439 + 15447. Calculate the remainder when w is divided by i.
7
What is the remainder when (-6)/27 + (409400/(-72))/(-5) is divided by 104?
97
Suppose x - 29 - 9 = -4*w, 5*w - 42 = -x. Suppose 0 = 5*j + 3*u - 252, 3*j - 2*j - 54 = 3*u. What is the remainder when j is divided by x?
7
Let b(t) = 4*t + 52. Let h(y) = -3*y - 53. Let d(k) = -4*b(k) - 5*h(k). What is the remainder when d(6) is divided by ((-1)/2)/(1/(-26))?
12
Let l be 5 - (39/(-52))/(6/(-32)). Calculate the remainder when 69 + l - (-63 - -58) is divided by 27.
21
Let t = 289 - 263. Suppose 145 + 1181 = t*i. What is the remainder when i is divided by 15?
6
Suppose 5*r = 32*g - 35*g + 756, r = 6. What is the remainder when g is divided by 25?
17
Let h be (-2 - -4) + -802 + 2. Let q(p) = -45*p + 16. What is the remainder when q(-1) is divided by (-2)/7 - h/49?
13
Let d = 2732 - 2711. Calculate the remainder when d is divided by 6.
3
Suppose -p - 4*x + 1 = 0, p + 4*p - 53 = -4*x. Let m be -4*(-7 - -1)*6/(-18). Calculate the remainder when (2*(-4 + 116/m))/(-1) is divided by p.
11
Suppose 0 = 144*t - 50491 + 8299. What is the remainder when t is divided by 67?
25
Let h(g) = 22*g + 959. What is the remainder when h(-34) is divided by 54?
49
Let a = -3 - -30. Suppose -417 = -26*q + 666 + 711. Calculate the remainder when q is divided by a.
15
Let h = 5665 - 5664. Let d be 5/20 - 109/4. What is the remainder when d/12*(-1 + -3) is divided by h?
0
Let b = 10434 - 9444. Calculate the remainder when b is divided by 57.
21
Suppose 22 = -2*a + 92. Suppose -a*g = -895 - 120. What is the remainder when g is divided by 6?
5
Let l(a) = a**2 + 62*a - 63*a - 2*a**2 - 4 + 2*a**3 - a**2. Let w be l(4). Suppose -32 = -8*s + w. Calculate the remainder when 17 is divided by s.
2
Let r = -6437 + 6514. Calculate the remainder when 298 is divided by r.
67
Let r(c) = -6*c - 33. Let q be r(-7). Let b(s) = s + 12. Let y = 60 - 24. What is the remainder when y is divided by b(q)?
15
Let z = 11255 + -11222. What is the remainder when 949 is divided by z?
25
Suppose 6*u - 2 - 16 = 0. Suppose g = 3*b - 4*b - 58, 0 = -b + u. Let t = 10 - g. Calculate the remainder when t is divided by 18.
17
Calculate the remainder when ((3/5)/((-15)/(-58150)))/1 is divided by 53.
47
Let i = -10715 - -10952. Calculate the remainder when i is divided by 7.
6
Let c = 17 - 10. Let a(x) = 12*x - 8*x**2 - 8 - c*x + x**3 + 4*x**2. Calculate the remainder when 122 is divided by a(5).
38
Suppose -15320 = -238*d + 1102. Suppose 4*t = u + 21, -20 = -4*t + 4*u + 16. What is the remainder when d is divided by t?
1
Let c(z) = z**3 + 9*z**2 - 10*z + 4. Let i be c(-10). Suppose o + n + i = 45, -o - 4*n = -53. Let f = 117 - 114. What is the remainder when o is divided by f?
1
Suppose 0 = 2*z - 4*z. Suppose 0 = 3*r - z - 36. Suppose 50*t - 677 = 606 + 417. Calculate the remainder when t is divided by r.
10
Let r = 39 - 35. Suppose r*b = -0*b + 24. Let g = 170 - 156. What is the remainder when g is divided by b?
2
Suppose -17*b + 9098 = -8718. Calculate the remainder when b is divided by 6.
4
Suppose -22680 = -125*t + 89*t - 144*t. What is the remainder when 548 is divided by t?
44
Suppose 2*v + 4 = 0, -2*v = -5*l - 0*v + 159. Suppose l*u - 1247 = -193. What is the remainder when 98 is divided by u?
30
Calculate the remainder when 6577 is divided by -9 - (6/(-30) - 636/20).
22
Let n = 24 - 15. Let a be (0 - (-6)/27)*n. Calculate the remainder when 54 is divided by (-14 - -13)*(-17 - a).
16
Let x = -251 + 267. Suppose 0 = x*m - 6*m - 70. What is the remainder when 12 is divided by m?
5
Suppose 0 = -224*j + 225*j - 172. Let a = -9 - -46. What is the remainder when j is divided by a?
24
Let h = -258033 + 258309. Suppose 3*j - 3*z = 123, -j - j = -3*z - 83. What is the remainder when h is divided by j?
36
Let b(h) = 13*h + 12*h - 3 + 0*h. Calculate the remainder when b(1) is divided by 8.
6
Suppose 5*l + 26 = -3*d, -3*d + 4*l = -2*d - 14. What is the remainder when (24/(-48))/(d*2/1896) is divided by 15?
12
Suppose -3*j = -18, 4*j = -3*x + 14*j - 6. Let r = -1 + -5. Let g = 10 + r. What is the remainder when x is divided by g?
2
Suppose -5*p + 5*x + 230 = 0, -41*p + 88 = -39*p + 2*x. Calculate the remainder when 2981 is divided by p.
11
Let c(z) = -z**2 - 68*z - 427. What is the remainder when c(-56) is divided by 27?
2
Let m = -15651 - -15748. Calculate the remainder when m is divided by 51*4/(13 + -1).
12
Let m = 446 - 428. Let f = 38 + -11. Suppose 2 = u - f. Calculate the remainder when u is divided by m.
11
Let a = 0 + 21. Let u(d) = 38*d**2 + 3*d - 2. Let b be u(2). Let c = -76 + b. Calculate the remainder when c is divided by a.
17
What is the remainder when 300 is divided by (2114/1359)/((-4)/(-18))?
6
Calculate the remainder when 189 is divided by (-96 - -10)*13/(-26).
17
Suppose 0 = -u + 4*u + 6. Let t(l) = -3*l**3 - l**2 - l + 1. Let k = -240 + 353. What is the remainder when k is divided by t(u)?
21
Let x be (-314 + 2)/2 - (33 + -36). Let p = 183 + x. What is the remainder when p is divided by 8?
6
Let a = 1447 + 2071. What is the remainder when a is divided by 51?
50
Let d = 33 - 3. Let w be ((144/d)/4)/((-6)/(-20)). Suppose 2*j = -5*o + 89, -w*o + 3*j + 2*j = -91. Calculate the remainder when 93 is divided by o.
17
Let n = -14 + 19. Calculate the remainder when ((-2772)/189)/(4/(-6)) is divided by n.
2
Let l(r) = -10*r + 417. Let n be l(32). Suppose -n*a + 103*a = 294. Calculate the remainder when 172 is divided by a.
25
Calculate the remainder when 414 is divided by (-6)/9*(-8 + -31).
24
Let p(n) = 6*n + 6. Calculate the remainder when p(12) is divided by 6.
0
Let p = -464 + 471. Calculate the remainder when 321/45 - p - (-6232)/60 is divided by 3